{"id":537,"date":"2016-09-20T20:37:31","date_gmt":"2016-09-20T18:37:31","guid":{"rendered":"http:\/\/www.dr-zauner-homoeopathie.net\/?page_id=537"},"modified":"2016-09-20T20:58:10","modified_gmt":"2016-09-20T18:58:10","slug":"ueber-samuel-hahnemann","status":"publish","type":"page","link":"https:\/\/www.dr-zauner-homoeopathie.net\/?page_id=537","title":{"rendered":"\u00dcber Samuel Hahnemann"},"content":{"rendered":"<div class=\"fusion-two-third fusion-layout-column fusion-spacing-yes\" style=\"margin-top:0px;margin-bottom:20px;\"><div class=\"fusion-column-wrapper\"><p>Am <a href=\"http:\/\/www.samuel-hahnemann-stiftung.de\/biographie_hahnemann\/01_biographie_sh_stichw.html#Friedrich\">10. April 1755<\/a>, wurde Friedrich Christian Samuel Hahnemann in Mei\u00dfen geboren und wuchs im verarmten, von den Kriegswirren gebeutelten Sachsen auf. Sein Vater war Porzellanmaler und verdiente den Lebensunterhalt f\u00fcr die Familie in der ortsans\u00e4ssigen Porzellanmanufaktur.Seine Schulbildung erfolgte an der Mei\u00dfener F\u00fcrstenschule St. Afra. Er studierte <a href=\"http:\/\/www.samuel-hahnemann-stiftung.de\/biographie_hahnemann\/01_biographie_sh_stichw.html#Medizinstudium\">1775-1776<\/a> in Leipzig und wechselte <a href=\"http:\/\/www.samuel-hahnemann-stiftung.de\/biographie_hahnemann\/01_biographie_sh_stichw.html#Semester\">1777<\/a> nach Wien. In Wien hospitiert er beim Leibarzt der Kaiserin Maria Theresia, Joseph Quarin, Primararzt am Krankenhaus der Barmherzigen Br\u00fcder (Zitat von Hahnemann: &#8222;Quarin verdanke ich alles, was an mir Arzt genannt werden kann.&#8220;) und beendete <a href=\"http:\/\/www.samuel-hahnemann-stiftung.de\/biographie_hahnemann\/01_biographie_sh_stichw.html#Ende\">1778-1779 <\/a>erfolgreich sein Studium in Erlangen, wo er auch promovierte. <a href=\"http:\/\/www.samuel-hahnemann-stiftung.de\/biographie_hahnemann\/01_biographie_sh_stichw.html#Hettstedt\">1780<\/a> lie\u00df sich Hahnemann erstmals als Arzt nieder. <a href=\"http:\/\/www.samuel-hahnemann-stiftung.de\/biographie_hahnemann\/01_biographie_sh_stichw.html#Pharmazie\">1781<\/a> absolvierte er zus\u00e4tzlich eine praktische pharmazeutische Ausbildung in Dessau (Mohren-Apotheke). Als 26j\u00e4hriger heiratete Hahnemann <a href=\"http:\/\/www.samuel-hahnemann-stiftung.de\/biographie_hahnemann\/01_biographie_sh_stichw.html#Heirat\">1782<\/a> seine erste Frau, Henriette K\u00fcchler (1764-1830), die Adoptivtochter des Besitzers der Mohren-Apotheke in Dessau und hatte mit ihr elf Kinder.Durch seine umfangreiches Wissen wusste Hahnemann \u00fcber die Medizin des ausgehenden 18. Jahrhunderts, die Pharmakologie und Chemie bestens Bescheid und zeichnete sich bei seinen \u00dcbersetzungen durch kritische Bemerkungen und Kommentare getreu seinem Wahlspruch &#8222;Aude sapere&#8220; &#8211; &#8222;Wage, weise zu sein&#8220; aus. Hahnemann erprobte im Laufe der Jahre viele verschiedene Arzneimittel, zuerst an sich selbst, sp\u00e4ter auch an seiner Familie und an Freunden, bevor er die gepr\u00fcften Arzneien bei der Behandlung seiner Patienten einsetzte. Das Heilprinzip der Hom\u00f6opathie ver\u00f6ffentlichte Hahnemann erstmals im Jahre <a href=\"http:\/\/www.samuel-hahnemann-stiftung.de\/biographie_hahnemann\/01_biographie_sh_stichw.html#SIMILE\">1796<\/a>. <a href=\"http:\/\/www.samuel-hahnemann-stiftung.de\/biographie_hahnemann\/01_biographie_sh_stichw.html#Ergebnisse\">1805<\/a> ver\u00f6ffentlichte er seine Ergebnisse \u00fcber die gepr\u00fcften Arzneien in der Arzneimittel: &#8222;Fragmenta de viribus medicamentorum positivis in sano corpere observatis&#8220;. Im Jahre <a href=\"http:\/\/www.samuel-hahnemann-stiftung.de\/biographie_hahnemann\/01_biographie_sh_stichw.html#Organon\">1810<\/a> publizierte Hahnemann die erste Ausgabe seines Hauptwerkes &#8222;Organon der rationellen Heilkunde&#8220;. Etwa zeitgleich mit der Ver\u00f6ffentlichung seiner wichtigsten Thesen wurde Hahnemann im Jahre <a href=\"http:\/\/www.samuel-hahnemann-stiftung.de\/biographie_hahnemann\/01_biographie_sh_stichw.html#Privatdozent\">1811<\/a> an die Leipziger Universit\u00e4t berufen. Von <a href=\"http:\/\/www.samuel-hahnemann-stiftung.de\/biographie_hahnemann\/01_biographie_sh_stichw.html#Leibarzt\">1821<\/a> bis 1835 lebte er in K\u00f6then, wo er Leibarzt des Herzogs von K\u00f6then-Anhalt war.Nach dem Tod seiner ersten Frau 1830, heiratete er <a href=\"http:\/\/www.samuel-hahnemann-stiftung.de\/biographie_hahnemann\/01_biographie_sh_stichw.html#Paris\">1835<\/a> ein zweites Mal und folgte seiner um fast 45 Jahre j\u00fcngeren Frau nach Paris. Dort starb er am <a href=\"http:\/\/www.samuel-hahnemann-stiftung.de\/biographie_hahnemann\/01_biographie_sh_stichw.html#begraben\">2. Juli <\/a><a href=\"http:\/\/www.samuel-hahnemann-stiftung.de\/biographie_hahnemann\/01_biographie_sh_stichw.html#begraben\">1843<\/a>.<\/p>\n<p>&nbsp;<\/p>\n<div class=\"fusion-clearfix\"><\/div><\/div><\/div><div class=\"fusion-one-third fusion-layout-column fusion-column-last fusion-spacing-yes\" style=\"margin-top:0px;margin-bottom:20px;\"><div class=\"fusion-column-wrapper\"><p><img loading=\"lazy\" decoding=\"async\" class=\"alignnone size-full wp-image-476\" src=\"https:\/\/www.dr-zauner-homoeopathie.net\/wp-content\/uploads\/2016\/08\/100_0579.jpg\" alt=\"100_0579\" width=\"1288\" height=\"730\" srcset=\"https:\/\/www.dr-zauner-homoeopathie.net\/wp-content\/uploads\/2016\/08\/100_0579.jpg 1288w, https:\/\/www.dr-zauner-homoeopathie.net\/wp-content\/uploads\/2016\/08\/100_0579-300x170.jpg 300w, https:\/\/www.dr-zauner-homoeopathie.net\/wp-content\/uploads\/2016\/08\/100_0579-768x435.jpg 768w, https:\/\/www.dr-zauner-homoeopathie.net\/wp-content\/uploads\/2016\/08\/100_0579-1024x580.jpg 1024w\" sizes=\"auto, (max-width: 1288px) 100vw, 1288px\" \/><\/p>\n<div class=\"fusion-clearfix\"><\/div><\/div><\/div><div class=\"fusion-clearfix\"><\/div>\n","protected":false},"excerpt":{"rendered":"","protected":false},"author":1,"featured_media":0,"parent":0,"menu_order":0,"comment_status":"closed","ping_status":"closed","template":"","meta":{"footnotes":""},"class_list":["post-537","page","type-page","status-publish","hentry"],"_links":{"self":[{"href":"https:\/\/www.dr-zauner-homoeopathie.net\/index.php?rest_route=\/wp\/v2\/pages\/537","targetHints":{"allow":["GET"]}}],"collection":[{"href":"https:\/\/www.dr-zauner-homoeopathie.net\/index.php?rest_route=\/wp\/v2\/pages"}],"about":[{"href":"https:\/\/www.dr-zauner-homoeopathie.net\/index.php?rest_route=\/wp\/v2\/types\/page"}],"author":[{"embeddable":true,"href":"https:\/\/www.dr-zauner-homoeopathie.net\/index.php?rest_route=\/wp\/v2\/users\/1"}],"replies":[{"embeddable":true,"href":"https:\/\/www.dr-zauner-homoeopathie.net\/index.php?rest_route=%2Fwp%2Fv2%2Fcomments&post=537"}],"version-history":[{"count":1,"href":"https:\/\/www.dr-zauner-homoeopathie.net\/index.php?rest_route=\/wp\/v2\/pages\/537\/revisions"}],"predecessor-version":[{"id":538,"href":"https:\/\/www.dr-zauner-homoeopathie.net\/index.php?rest_route=\/wp\/v2\/pages\/537\/revisions\/538"}],"wp:attachment":[{"href":"https:\/\/www.dr-zauner-homoeopathie.net\/index.php?rest_route=%2Fwp%2Fv2%2Fmedia&parent=537"}],"curies":[{"name":"wp","href":"https:\/\/api.w.org\/{rel}","templated":true}]}}