{"id":52,"date":"2016-02-02T23:04:52","date_gmt":"2016-02-02T22:04:52","guid":{"rendered":"http:\/\/www.dr-zauner-homoeopathie.net\/?page_id=52"},"modified":"2025-08-04T16:52:27","modified_gmt":"2025-08-04T14:52:27","slug":"vita","status":"publish","type":"page","link":"https:\/\/www.dr-zauner-homoeopathie.net\/?page_id=52","title":{"rendered":"Vita"},"content":{"rendered":"<div class=\"fusion-two-third fusion-layout-column fusion-column-last fusion-spacing-yes\" style=\"margin-top:0px;margin-bottom:20px;\"><div class=\"fusion-column-wrapper\"><div class=\"fusion-clearfix\"><\/div><\/div><\/div><div class=\"fusion-clearfix\"><\/div><strong><span style=\"color: #008000;\">Lebenslauf<\/span><\/strong><\/p>\n<p>2025: Vizepr\u00e4sident Liga Medicorum Homoeopathica Internationalis (LMHI)<\/p>\n<p>2022: Mitherausgeber der Allgemeinen Hom\u00f6opathischen Zeitung (AHZ)<\/p>\n<p>2022-2025: Generalsekret\u00e4r der Liga Medicorum Homoeopathica Internationalis (LMHI)<\/p>\n<p>2022: Lektor am Institut f\u00fcr Allgemeinmedizin JKU Linz<\/p>\n<p>2020: Referent f\u00fcr Komplement\u00e4rmedizin der \u00c4rztekammer f\u00fcr Ober\u00f6sterreich, seit 2022 auch f\u00fcr \u00d6sterreich (gemeinsam mit D. Sch\u00f6pf, F. Badelt)<\/p>\n<p>2019: Mitherausgeber (gemeinsam mit J. Pannek und G. Bleul)\u00a0und Mitautor des Buches &#8222;Hom\u00f6opathie in der M\u00e4nnermedizin&#8220;; Urban &amp; Fischer, Elsevier-Verlag<\/p>\n<p>2019-2020: Universit\u00e4tslektor im Rahmen des Wahlfaches \u201eKomplement\u00e4rmedizin\u201c an der Medizinischen Fakult\u00e4t der JKU Linz<\/p>\n<p>2017-2025: National Vice President (NVP) der Liga Medicorum Homoeopathica Internationalis (LMHI)<\/p>\n<p>Seit 2015: Vorstandsmitglied der \u00c4KH, derzeit Vizepr\u00e4sident<\/p>\n<p>2011: Mitglied im wissenschaftlichen Komitee f\u00fcr den Europ\u00e4ischen Kongress f\u00fcr Hom\u00f6opathie in Riga<\/p>\n<p>2001: Er\u00f6ffnung der eigenen Ordination als Arzt f\u00fcr Allgemeinmedizin\u00a0mit Schwerpunkt Hom\u00f6opathie<\/p>\n<p>1998 \u2013 2001: Ausbildung zum Arzt f\u00fcr Allgemeinmedizin (Krankenhaus der Elisabethinen, Linz,Landesfrauenklinik und Landeskinderklink Linz, sowie im Rahmen des Pr\u00e4senzdienstes in der Sanit\u00e4tsanstalt H\u00f6rsching)<\/p>\n<p>1990-1997: Medizinstudium an der medizinischen Fakult\u00e4t der Universit\u00e4t Wien, jetzt MUW<\/p>\n<p>1992: Beginn mit der Besch\u00e4ftigung mit der Hom\u00f6opathie (W. Klunker, D. Spinedi, A. Rohrer. H. Heudens-Mast, Augsburger Dreimonatskurs 1997, Hospitationen bei W. Springer und K. Bandelin, \u2026)<\/p>\n<p>Mitglied der \u00c4rztegesellschaft f\u00fcr klassische Hom\u00f6opathie (\u00c4KH), Linz (\u00d6AK-Diplom \u201eKomplement\u00e4re Medizin \u2013 Hom\u00f6opathie\u201c)<\/p>\n<p>Publikationen in hom\u00f6opathischen Fachzeitschriften (Zeitschrift f\u00fcr klassische Hom\u00f6opathie, Aude sapere, Liga newsletter, \u2026) und Herausgeber der Zeitschrift Aude sapere.<\/p>\n<p>Zusatzausbildungen: Notarztdiplom, Kurarzt<\/p>\n<p>Zus\u00e4tzlich t\u00e4tig als Kurarzt in Bad Schallerbach<\/p>\n<p><strong><span style=\"color: #008000;\">Kurzlebenslauf englisch<\/span><\/strong><\/p>\n<p><strong>Bernhard Zauner, M.D.<\/strong><\/p>\n<p>Born in 1972, studied medicine at the university of Vienna from 1990 \u2013 1997, in 1993 started his homeopathic education by taking part in seminars in Germany and Austria; advanced trainings in homeopathy with Spinedi, Springer, Rohrer, Saine, Kokelenberg, Herscu, Heudens Mast, Bandelin and others; in 2001 opened his own consulting office; a board member of the \u201c\u00c4rztegesellschaft f\u00fcr klassische Hom\u00f6opathie\u201d (\u00c4KH) since 2015 and editor of the organization-paper \u201eAude sapere\u201c of the \u00c4KH until 2021\u00a0 and teacher in the homeopathic education of the \u00c4KH; member of scientific committees at homeopathic congresses; publications in several German homeopathic journals; co-editor and co-author of the book &#8222;Hom\u00f6opathie in der M\u00e4nnermedizin&#8220; 2019; co-editor of the &#8222;Allgemeine hom\u00f6opathische Zeitung&#8220; since 2022; National Vice President (NVP) of the Liga Medicorum Homoeopathica (LMHI) since 2017 and General secretary of LMHI since 2022; lecturer at the Institute for General Medicine at the JKU Linz; consultant for complementary medicine at the Medical Association of Upper Austria.<\/p>\n","protected":false},"excerpt":{"rendered":"<p>Lebenslauf 2025: Vizepr\u00e4sident Liga Medicorum Homoeopathica Internationalis (LMHI) 2022: Mitherausgeber der Allgemeinen Hom\u00f6opathischen Zeitung (AHZ) 2022-2025: Generalsekret\u00e4r der Liga Medicorum Homoeopathica Internationalis (LMHI) 2022: Lektor am Institut f\u00fcr Allgemeinmedizin JKU Linz 2020: Referent f\u00fcr Komplement\u00e4rmedizin der \u00c4rztekammer f\u00fcr Ober\u00f6sterreich, seit 2022 auch f\u00fcr \u00d6sterreich (gemeinsam mit D. Sch\u00f6pf, F. Badelt) 2019: Mitherausgeber (gemeinsam mit J. [&hellip;]<\/p>\n","protected":false},"author":1,"featured_media":0,"parent":0,"menu_order":0,"comment_status":"closed","ping_status":"closed","template":"","meta":{"footnotes":""},"class_list":["post-52","page","type-page","status-publish","hentry"],"_links":{"self":[{"href":"https:\/\/www.dr-zauner-homoeopathie.net\/index.php?rest_route=\/wp\/v2\/pages\/52","targetHints":{"allow":["GET"]}}],"collection":[{"href":"https:\/\/www.dr-zauner-homoeopathie.net\/index.php?rest_route=\/wp\/v2\/pages"}],"about":[{"href":"https:\/\/www.dr-zauner-homoeopathie.net\/index.php?rest_route=\/wp\/v2\/types\/page"}],"author":[{"embeddable":true,"href":"https:\/\/www.dr-zauner-homoeopathie.net\/index.php?rest_route=\/wp\/v2\/users\/1"}],"replies":[{"embeddable":true,"href":"https:\/\/www.dr-zauner-homoeopathie.net\/index.php?rest_route=%2Fwp%2Fv2%2Fcomments&post=52"}],"version-history":[{"count":21,"href":"https:\/\/www.dr-zauner-homoeopathie.net\/index.php?rest_route=\/wp\/v2\/pages\/52\/revisions"}],"predecessor-version":[{"id":776,"href":"https:\/\/www.dr-zauner-homoeopathie.net\/index.php?rest_route=\/wp\/v2\/pages\/52\/revisions\/776"}],"wp:attachment":[{"href":"https:\/\/www.dr-zauner-homoeopathie.net\/index.php?rest_route=%2Fwp%2Fv2%2Fmedia&parent=52"}],"curies":[{"name":"wp","href":"https:\/\/api.w.org\/{rel}","templated":true}]}}