{"id":344,"date":"2016-06-23T14:08:42","date_gmt":"2016-06-23T12:08:42","guid":{"rendered":"http:\/\/www.dr-zauner-homoeopathie.net\/?page_id=344"},"modified":"2025-08-04T17:20:18","modified_gmt":"2025-08-04T15:20:18","slug":"nuetzliche-links","status":"publish","type":"page","link":"https:\/\/www.dr-zauner-homoeopathie.net\/?page_id=344","title":{"rendered":"N\u00fctzliche Links"},"content":{"rendered":"<div class=\"fusion-two-third fusion-layout-column fusion-column-last fusion-spacing-yes\" style=\"margin-top:0px;margin-bottom:20px;\"><div class=\"fusion-column-wrapper\"><div id=\"container_content_rightcol_main\">\n<div id=\"article_headline\"><strong><span style=\"color: #008000;\">Hom\u00f6opathiegesellschaften:<\/span><\/strong><\/div>\n<div><\/div>\n<p><a href=\"https:\/\/www.aekh.at\/\" target=\"_blank\" rel=\"noopener\">\u00c4rztegesellschaft f\u00fcr Klassische Hom\u00f6opathie<\/a><\/p>\n<p><a href=\"http:\/\/www.lmhi.org\" target=\"_blank\" rel=\"noopener\">Liga Medicorum Homoeopathica Internationalis (LMHI)<\/a><\/p>\n<p><a href=\"https:\/\/homeopathyeurope.org\/\" target=\"_blank\" rel=\"noopener\">European Committee for Homeopathy<\/a><\/p>\n<p><a href=\"http:\/\/www.dzvhae.de\" target=\"_blank\" rel=\"noopener\">Deutscher Zentralverein Hom\u00f6opathischer \u00c4rzte<\/a><\/p>\n<p><a href=\"https:\/\/www.igm-bosch.de\/startseite.html\" target=\"_blank\" rel=\"noopener\">Institut f\u00fcr Geschichte der Medizin der Robert Bosch Stiftung<\/a><\/p>\n<p><a href=\"https:\/\/www.carstens-stiftung.de\/\" target=\"_blank\" rel=\"noopener\">Carsten-Stiftung<\/a><\/p>\n<p><a href=\"https:\/\/www.homoeopathie.at\/\" target=\"_blank\" rel=\"noopener\">\u00d6sterreichische Gesellschaft f\u00fcr Hom\u00f6opathische Medizin<\/a><\/p>\n<p><a href=\"https:\/\/www.hri-research.org\/de\/\" target=\"_blank\" rel=\"noopener\">Homeopathy Research Institute<\/a><\/p>\n<p><a href=\"https:\/\/www.wisshom.de\/\" target=\"_blank\" rel=\"noopener\">Wissenschaftliche Gesellschaft f\u00fcr Hom\u00f6opathie<\/a><\/p>\n<p><a href=\"https:\/\/www.weils-hilft.de\/\" target=\"_blank\" rel=\"noopener\">Weil`s hilft<\/a><\/p>\n<p><a href=\"https:\/\/www.bph-online.de\/\" target=\"_blank\" rel=\"noopener\">Bundesverband Patienten f\u00fcr Hom\u00f6opathie\u00a0e.V<\/a><\/p>\n<p><a href=\"https:\/\/www.homoeopathiehilft.at\/\" target=\"_blank\" rel=\"noopener\">Hom\u00f6opathie hilft<\/a><\/p>\n<p><a href=\"https:\/\/www.oegvh.at\/\" target=\"_blank\" rel=\"noopener\">\u00d6sterreichische Gesellschaft f\u00fcr Veterin\u00e4rmedizinische Hom\u00f6opathie<\/a><\/p>\n<\/div>\n<div id=\"container_content_rightcol_main\">\n<div id=\"container_content_rightcol_main\">\n<p><span style=\"color: #008000;\"><strong>Arzneimittelhersteller:<\/strong><\/span><\/p>\n<p><a href=\"http:\/\/www.apotheke-homoeopathie-kraeutertee.com\/de\/pages\/homoeopathie-kraeutertee.aspx\" target=\"_blank\" rel=\"noopener\">Homeocur, Retz<\/a><\/p>\n<p><a href=\"http:\/\/www.remedia.at\" target=\"_blank\" rel=\"noopener\">Remedia, Eisenstadt<\/a><\/p>\n<p><a href=\"http:\/\/www.schwabe.at\/homoeopathie\/\" target=\"_blank\" rel=\"noopener\">Schwabe Austria, Wien<\/a><\/p>\n<p><a href=\"https:\/\/www.spagyra.at\/\" target=\"_blank\" rel=\"noopener\">Spayra, Gr\u00f6dig<\/a><\/p>\n<\/div>\n<\/div>\n<div class=\"fusion-clearfix\"><\/div><\/div><\/div><div class=\"fusion-clearfix\"><\/div>\n","protected":false},"excerpt":{"rendered":"","protected":false},"author":1,"featured_media":0,"parent":0,"menu_order":0,"comment_status":"closed","ping_status":"closed","template":"","meta":{"footnotes":""},"class_list":["post-344","page","type-page","status-publish","hentry"],"_links":{"self":[{"href":"https:\/\/www.dr-zauner-homoeopathie.net\/index.php?rest_route=\/wp\/v2\/pages\/344","targetHints":{"allow":["GET"]}}],"collection":[{"href":"https:\/\/www.dr-zauner-homoeopathie.net\/index.php?rest_route=\/wp\/v2\/pages"}],"about":[{"href":"https:\/\/www.dr-zauner-homoeopathie.net\/index.php?rest_route=\/wp\/v2\/types\/page"}],"author":[{"embeddable":true,"href":"https:\/\/www.dr-zauner-homoeopathie.net\/index.php?rest_route=\/wp\/v2\/users\/1"}],"replies":[{"embeddable":true,"href":"https:\/\/www.dr-zauner-homoeopathie.net\/index.php?rest_route=%2Fwp%2Fv2%2Fcomments&post=344"}],"version-history":[{"count":15,"href":"https:\/\/www.dr-zauner-homoeopathie.net\/index.php?rest_route=\/wp\/v2\/pages\/344\/revisions"}],"predecessor-version":[{"id":778,"href":"https:\/\/www.dr-zauner-homoeopathie.net\/index.php?rest_route=\/wp\/v2\/pages\/344\/revisions\/778"}],"wp:attachment":[{"href":"https:\/\/www.dr-zauner-homoeopathie.net\/index.php?rest_route=%2Fwp%2Fv2%2Fmedia&parent=344"}],"curies":[{"name":"wp","href":"https:\/\/api.w.org\/{rel}","templated":true}]}}