{"id":30,"date":"2016-02-02T22:40:04","date_gmt":"2016-02-02T21:40:04","guid":{"rendered":"http:\/\/www.dr-zauner-homoeopathie.net\/?page_id=30"},"modified":"2018-06-14T15:42:01","modified_gmt":"2018-06-14T13:42:01","slug":"impressum-2","status":"publish","type":"page","link":"https:\/\/www.dr-zauner-homoeopathie.net\/?page_id=30","title":{"rendered":"Impressum"},"content":{"rendered":"<p><span style=\"color: #008000;\"><strong>Impressum<\/strong><\/span><\/p>\n<p>Nach Abs \u00a7 5 Absatz 1 ECG (E-Commerce Gesetz)<\/p>\n<p>&nbsp;<\/p>\n<p><span style=\"color: #008000;\">Die Webseite DR-ZAUNER-HOMOEOPATHIE.NET wird betrieben von:<\/span><\/p>\n<p>&nbsp;<\/p>\n<p><span style=\"color: #008000;\">Kontaktdaten:<\/span><\/p>\n<p>Dr. med. univ.\u00a0Bernhard Zauner<\/p>\n<p>Grieskirchner Stra\u00dfe 43 d<\/p>\n<p>A-4701 Bad Schallerbach Tel.: +43 7249\/48203<\/p>\n<p>Email: <u>bzauner@dr-zauner-homoeopathie.net<\/u><\/p>\n<p>&nbsp;<\/p>\n<p><span style=\"color: #008000;\">Kammerzugeh\u00f6rigkeit:<\/span><\/p>\n<p>\u00c4rztekammer f\u00fcr Ober\u00f6sterreich, Dinghoferstr. 4, 4010 Linz (www.aekooe.or.at) \u00d6sterreichische \u00c4rztekammer, Weihburggasse 10-12, 1010 Wien (www.aek.or.at)<\/p>\n<p>&nbsp;<\/p>\n<p><span style=\"color: #008000;\">Berufsbezeichnung:<\/span><\/p>\n<p>Arzt f\u00fcr Allgemeinmedizin, verliehen in \u00d6sterreich Bundesgesetz \u00fcber die Ausbildung des \u00e4rztlichen Berufs (\u00c4rztegesetz von 1998, siehe: www.ris.bka.gv.at\/bundesrecht)<\/p>\n<p>&nbsp;<\/p>\n<p><span style=\"color: #008000;\">Informationen zum Datenschutz:<\/span><\/p>\n<p>Diese Website wird von Dr. Bernhard Zauner betrieben. Der Schutz und die Sicherheit Ihrer pers\u00f6nlichen Daten ist mir ein wichtiges Anliegen. Daher, halte ich mich beim Erheben und Verarbeiten Ihrer personenbezogenen Daten streng an die gesetzlichen Vorgaben des DSG und der EU-DSGV. Die aktuelle Fassung der DSGV: <a href=\"http:\/\/eur-lex.europa.eu\/legal-content\/DE\/TXT\/HTML\/?uri=CELEX:32016R0679&amp;from=DE\">http:\/\/eur-lex.europa.eu\/legal-content\/DE\/TXT\/HTML\/?uri=CELEX:32016R0679&amp;from=DE<\/a><br \/>\nDiese Datenschutzerkl\u00e4rung bezieht sich nur auf meine Homepage. Falls Sie \u00fcber Links auf meine Seiten von anderen Seiten weitergeleitet wurden, informieren Sie sich direkt auf der weitergeleiteten Webseite \u00fcber den jeweiligen Umgang mit Ihren Daten. Sofern Sie meine Webseite nur zu Informationszwecken nutzen, werden nur die personenbezogenen Daten, die Ihr Browser an unseren Server \u00fcbermittelt erhoben. Ihre personenbezogenen Daten werden nur gem\u00e4\u00df den Bestimmungen des \u00f6sterreichischen Datenschutzrechts verarbeitet.<\/p>\n<p>Die Nutzung dieser Webseite ist in der Regel ohne Angabe personenbezogener Daten m\u00f6glich. Ich weise darauf hin, dass die Daten\u00fcbertragung im Internet (z.B. bei der Kommunikation per E-Mail, oder \u00fcber nicht verschl\u00fcsselte Webseiten) Sicherheitsl\u00fccken aufweisen kann. Ein l\u00fcckenloser Schutz der Daten vor dem Zugriff durch Dritte ist nicht m\u00f6glich.<\/p>\n<p>Sie k\u00f6nnen die Installation der Cookies durch eine entsprechende Einstellung Ihrer Browser Software verhindern. Ich weise jedoch darauf hin, dass in diesem Fall eventuell nicht s\u00e4mtliche Funktionen dieser Webseite voll umf\u00e4nglich genutzt werden k\u00f6nnen. Unter <a href=\"http:\/\/aboutcookies.org\/\">http:\/\/aboutcookies.org\/<\/a> sind weitere Informationen zu finden, wie Sie Cookies in Ihrem Browser kontrollieren.<\/p>\n<p>Nach der EU Datenschutzgrundverordnung stehen Ihnen als Betroffener umfangreiche Rechte zu. Diese Rechte sollen vor allem f\u00fcr mehr Transparenz im Zusammenhang mit Ihren Daten sorgen. Ihre Rechte als betroffene Person sind das Recht auf Auskunft \u00fcber die Sie betreffenden personenbezogenen Daten, auf Berichtigung, L\u00f6schung, Einschr\u00e4nkung der Verarbeitung, Widerspruch gegen die Verarbeitung, sowie auf Daten\u00fcbertragbarkeit (nur bei Vertragsbeziehung oder Einwilligung) und jederzeitigen Widerruf einer Einwilligung.<\/p>\n<p>Die betroffenen Personen k\u00f6nnen s\u00e4mtliche Rechte durch ein Email, Telefonat, pers\u00f6nlich, Fax oder postalisch an mich aus\u00fcben.<\/p>\n<p>Dar\u00fcber hinaus haben Sie jederzeit das Recht, hinsichtlich der Verarbeitung Ihrer personenbezogenen Daten Beschwerde bei der Datenschutzbeh\u00f6rde einzubringen.<\/p>\n<p>\u00d6sterreichische Datenschutzbeh\u00f6rde Wickenburggasse 8 1080 Wien Telefon: +43 1 521 52-25 69 E-Mail: dsb@dsb.gv.at<\/p>\n<p>&nbsp;<\/p>\n<p><span style=\"color: #008000;\">F\u00fcr den Inhalt verantwortlich:<\/span><\/p>\n<p>Dr. Bernhard Zauner<\/p>\n","protected":false},"excerpt":{"rendered":"<p>Impressum Nach Abs \u00a7 5 Absatz 1 ECG (E-Commerce Gesetz) &nbsp; Die Webseite DR-ZAUNER-HOMOEOPATHIE.NET wird betrieben von: &nbsp; Kontaktdaten: Dr. med. univ.\u00a0Bernhard Zauner Grieskirchner Stra\u00dfe 43 d A-4701 Bad Schallerbach Tel.: +43 7249\/48203 Email: bzauner@dr-zauner-homoeopathie.net &nbsp; Kammerzugeh\u00f6rigkeit: \u00c4rztekammer f\u00fcr Ober\u00f6sterreich, Dinghoferstr. 4, 4010 Linz (www.aekooe.or.at) \u00d6sterreichische \u00c4rztekammer, Weihburggasse 10-12, 1010 Wien (www.aek.or.at) &nbsp; Berufsbezeichnung: Arzt [&hellip;]<\/p>\n","protected":false},"author":1,"featured_media":0,"parent":0,"menu_order":0,"comment_status":"closed","ping_status":"closed","template":"","meta":{"footnotes":""},"class_list":["post-30","page","type-page","status-publish","hentry"],"_links":{"self":[{"href":"https:\/\/www.dr-zauner-homoeopathie.net\/index.php?rest_route=\/wp\/v2\/pages\/30","targetHints":{"allow":["GET"]}}],"collection":[{"href":"https:\/\/www.dr-zauner-homoeopathie.net\/index.php?rest_route=\/wp\/v2\/pages"}],"about":[{"href":"https:\/\/www.dr-zauner-homoeopathie.net\/index.php?rest_route=\/wp\/v2\/types\/page"}],"author":[{"embeddable":true,"href":"https:\/\/www.dr-zauner-homoeopathie.net\/index.php?rest_route=\/wp\/v2\/users\/1"}],"replies":[{"embeddable":true,"href":"https:\/\/www.dr-zauner-homoeopathie.net\/index.php?rest_route=%2Fwp%2Fv2%2Fcomments&post=30"}],"version-history":[{"count":5,"href":"https:\/\/www.dr-zauner-homoeopathie.net\/index.php?rest_route=\/wp\/v2\/pages\/30\/revisions"}],"predecessor-version":[{"id":147,"href":"https:\/\/www.dr-zauner-homoeopathie.net\/index.php?rest_route=\/wp\/v2\/pages\/30\/revisions\/147"}],"wp:attachment":[{"href":"https:\/\/www.dr-zauner-homoeopathie.net\/index.php?rest_route=%2Fwp%2Fv2%2Fmedia&parent=30"}],"curies":[{"name":"wp","href":"https:\/\/api.w.org\/{rel}","templated":true}]}}