{"id":22,"date":"2016-02-02T22:36:00","date_gmt":"2016-02-02T21:36:00","guid":{"rendered":"http:\/\/www.dr-zauner-homoeopathie.net\/?page_id=22"},"modified":"2016-08-25T18:23:18","modified_gmt":"2016-08-25T16:23:18","slug":"frageboegen","status":"publish","type":"page","link":"https:\/\/www.dr-zauner-homoeopathie.net\/?page_id=22","title":{"rendered":"Frageb\u00f6gen"},"content":{"rendered":"<div id=\"container_content_rightcol_main\">\n<div id=\"article_headline\"><img loading=\"lazy\" decoding=\"async\" src=\"https:\/\/www.dr-zauner-homoeopathie.net\/magnoliaPublic\/docroot\/zauner\/files\/images\/bulletpointBrown.jpg\" alt=\"\" width=\"11\" height=\"10\" border=\"0\" \/><\/div>\n<\/div>\n<div class=\"fusion-two-third fusion-layout-column fusion-spacing-yes\" style=\"margin-top:0px;margin-bottom:20px;\"><div class=\"fusion-column-wrapper\"><p><span style=\"color: #008000;\"><strong>Frageb\u00f6gen<\/strong><\/span><\/p>\n<p>F\u00fcr gewisse Krankheitsbilder sind Frageb\u00f6gen eine gro\u00dfe Hilfe. Dies teile ich Ihnen bei der Terminverenbarung mit. Unter folgenden Link k\u00f6nnen diese heruntergeladen und zum Termin mitgebracht werden.<\/p>\n<p><a href=\"http:\/\/www.heinerfrei.ch\/ressourcen\" target=\"_blank\"><u><span style=\"color: #0066cc;\">www.heinerfrei.ch\/ressourcen<\/span><\/u><\/a><\/p>\n<p>Weiters gibt es Frageb\u00f6gen f\u00fcr die Erstanamnese, die Sie hier herunterladen k\u00f6nnen und\u00a0bitte ausgef\u00fcllt mitbringen sollen.<\/p>\n<p>Allergiefragebogen: Dient zur besseren Beschreibung der Allergiebeschwerden.<\/p>\n<div class=\"fusion-clearfix\"><\/div><\/div><\/div><div class=\"fusion-one-third fusion-layout-column fusion-column-last fusion-spacing-yes\" style=\"margin-top:0px;margin-bottom:20px;\"><div class=\"fusion-column-wrapper\"><p><span style=\"color: #008000;\"><a style=\"color: #008000;\" href=\"https:\/\/www.dr-zauner-homoeopathie.net\/wp-content\/uploads\/2016\/02\/Anamnesebogen-Erwachsene.doc\" rel=\"\">Anamnesebogen Erwachsene<\/a><\/span><\/p>\n<p><span style=\"color: #008000;\"><a style=\"color: #008000;\" href=\"https:\/\/www.dr-zauner-homoeopathie.net\/wp-content\/uploads\/2016\/03\/Anamnesebogen-Kinder-bis-15.doc\" rel=\"\">Anamnesebogen Kinder bis 15<\/a><\/span><\/p>\n<p><span style=\"color: #008000;\"><a style=\"color: #008000;\" href=\"https:\/\/www.dr-zauner-homoeopathie.net\/wp-content\/uploads\/2016\/03\/Allergiefragebogen.docx\" rel=\"\">Allergiefragebogen<\/a><\/span><\/p>\n<div class=\"fusion-clearfix\"><\/div><\/div><\/div><div class=\"fusion-clearfix\"><\/div>\n","protected":false},"excerpt":{"rendered":"","protected":false},"author":1,"featured_media":0,"parent":0,"menu_order":0,"comment_status":"closed","ping_status":"closed","template":"","meta":{"footnotes":""},"class_list":["post-22","page","type-page","status-publish","hentry"],"_links":{"self":[{"href":"https:\/\/www.dr-zauner-homoeopathie.net\/index.php?rest_route=\/wp\/v2\/pages\/22","targetHints":{"allow":["GET"]}}],"collection":[{"href":"https:\/\/www.dr-zauner-homoeopathie.net\/index.php?rest_route=\/wp\/v2\/pages"}],"about":[{"href":"https:\/\/www.dr-zauner-homoeopathie.net\/index.php?rest_route=\/wp\/v2\/types\/page"}],"author":[{"embeddable":true,"href":"https:\/\/www.dr-zauner-homoeopathie.net\/index.php?rest_route=\/wp\/v2\/users\/1"}],"replies":[{"embeddable":true,"href":"https:\/\/www.dr-zauner-homoeopathie.net\/index.php?rest_route=%2Fwp%2Fv2%2Fcomments&post=22"}],"version-history":[{"count":4,"href":"https:\/\/www.dr-zauner-homoeopathie.net\/index.php?rest_route=\/wp\/v2\/pages\/22\/revisions"}],"predecessor-version":[{"id":258,"href":"https:\/\/www.dr-zauner-homoeopathie.net\/index.php?rest_route=\/wp\/v2\/pages\/22\/revisions\/258"}],"wp:attachment":[{"href":"https:\/\/www.dr-zauner-homoeopathie.net\/index.php?rest_route=%2Fwp%2Fv2%2Fmedia&parent=22"}],"curies":[{"name":"wp","href":"https:\/\/api.w.org\/{rel}","templated":true}]}}