{"id":165,"date":"2016-03-04T06:16:30","date_gmt":"2016-03-04T05:16:30","guid":{"rendered":"http:\/\/www.dr-zauner-homoeopathie.net\/?page_id=165"},"modified":"2016-08-25T18:37:41","modified_gmt":"2016-08-25T16:37:41","slug":"ordinationszeiten","status":"publish","type":"page","link":"https:\/\/www.dr-zauner-homoeopathie.net\/?page_id=165","title":{"rendered":"Ordinationszeiten"},"content":{"rendered":"<p>Die Ordinationszeiten sind montags bis freitags nach telefonischer Terminvereinbarung.<\/p>\n<div id=\"container_content_rightcol_main\">\n<div id=\"article_headline\"><img loading=\"lazy\" decoding=\"async\" src=\"https:\/\/www.dr-zauner-homoeopathie.net\/magnoliaPublic\/docroot\/zauner\/files\/images\/bulletpointBrown.jpg\" alt=\"\" width=\"11\" height=\"10\" border=\"0\" \/><strong><span style=\"color: #008000;\">Telefonsprechstunde<\/span><\/strong><\/div>\n<p>Am Montag, Mittwoch und Freitag von <strong>8:00 bis 9:00<\/strong>.<br \/>\nZus\u00e4tzlich findet an einem Dienstag und Donnerstag eine Telefonsprechstunde von<strong> 11:30 bis 12:00<\/strong> statt.<br \/>\nSollten Sie mich in diesem Zeitraum nicht erreichen, dann hinterlassen Sie auf Band eine Nachricht.<\/p>\n<\/div>\n<div id=\"container_content_rightcol_main\">\n<div><\/div>\n<div id=\"article_headline\"><img loading=\"lazy\" decoding=\"async\" src=\"https:\/\/www.dr-zauner-homoeopathie.net\/magnoliaPublic\/docroot\/zauner\/files\/images\/bulletpointBrown.jpg\" alt=\"\" width=\"11\" height=\"10\" border=\"0\" \/><strong><span style=\"color: #008000;\">Erreichbarkeit<\/span><\/strong><\/div>\n<p>Von Montag bis Freitag, w\u00e4hrend der Telefonsprechstunde. Au\u00dferhalb dieser Zeiten ersuche ich um eine Nachricht auf Band, ich werde, sobald es mir m\u00f6glich ist zur\u00fcckrufen. Eine weitere M\u00f6glichkeit ist die Kontaktaufnahme per Email.<\/p>\n<\/div>\n<div id=\"container_content_rightcol_main\">\n<div id=\"article_headline\"><img loading=\"lazy\" decoding=\"async\" src=\"https:\/\/www.dr-zauner-homoeopathie.net\/magnoliaPublic\/docroot\/zauner\/files\/images\/bulletpointBrown.jpg\" alt=\"\" width=\"11\" height=\"10\" border=\"0\" \/><strong><span style=\"color: #008000;\">Ordinationsfreie Zeiten &#8211; Urlaub<\/span><\/strong><\/div>\n<div>s. unter &#8222;Aktuelles&#8220;<\/div>\n<\/div>\n","protected":false},"excerpt":{"rendered":"<p>Die Ordinationszeiten sind montags bis freitags nach telefonischer Terminvereinbarung. Telefonsprechstunde Am Montag, Mittwoch und Freitag von 8:00 bis 9:00. Zus\u00e4tzlich findet an einem Dienstag und Donnerstag eine Telefonsprechstunde von 11:30 bis 12:00 statt. Sollten Sie mich in diesem Zeitraum nicht erreichen, dann hinterlassen Sie auf Band eine Nachricht. Erreichbarkeit Von Montag bis Freitag, w\u00e4hrend der [&hellip;]<\/p>\n","protected":false},"author":1,"featured_media":0,"parent":0,"menu_order":0,"comment_status":"closed","ping_status":"closed","template":"","meta":{"footnotes":""},"class_list":["post-165","page","type-page","status-publish","hentry"],"_links":{"self":[{"href":"https:\/\/www.dr-zauner-homoeopathie.net\/index.php?rest_route=\/wp\/v2\/pages\/165","targetHints":{"allow":["GET"]}}],"collection":[{"href":"https:\/\/www.dr-zauner-homoeopathie.net\/index.php?rest_route=\/wp\/v2\/pages"}],"about":[{"href":"https:\/\/www.dr-zauner-homoeopathie.net\/index.php?rest_route=\/wp\/v2\/types\/page"}],"author":[{"embeddable":true,"href":"https:\/\/www.dr-zauner-homoeopathie.net\/index.php?rest_route=\/wp\/v2\/users\/1"}],"replies":[{"embeddable":true,"href":"https:\/\/www.dr-zauner-homoeopathie.net\/index.php?rest_route=%2Fwp%2Fv2%2Fcomments&post=165"}],"version-history":[{"count":4,"href":"https:\/\/www.dr-zauner-homoeopathie.net\/index.php?rest_route=\/wp\/v2\/pages\/165\/revisions"}],"predecessor-version":[{"id":168,"href":"https:\/\/www.dr-zauner-homoeopathie.net\/index.php?rest_route=\/wp\/v2\/pages\/165\/revisions\/168"}],"wp:attachment":[{"href":"https:\/\/www.dr-zauner-homoeopathie.net\/index.php?rest_route=%2Fwp%2Fv2%2Fmedia&parent=165"}],"curies":[{"name":"wp","href":"https:\/\/api.w.org\/{rel}","templated":true}]}}